-3
Let d(u) be the second derivative of 2*u**2 + 1/2*u**3 + 0 - 4*u. Calculate d(-4).
-8
Let s(z) be the second derivative of z**4/6 - z**3/2 - z**2/2 + 3*z. Let d be s(3). Let u = d - 4. Let q(i) = i**3 - 4*i**2 - 3*i + 6. Determine q(u).
-6
Let j = -16 - -19. Let t(x) be the third derivative of 0 - 2/15*x**5 + 1/6*x**3 - j*x**2 + 0*x + 1/24*x**4. Calculate t(-1).
-8
Let f be (-1 + 2)/1 - -1. Suppose 0 = -4*t + f + 10. Let a(m) = -m - 1 + 3 - 3 - m**t - 2. Give a(0).
-3
Let w(v) = -3 + 9 - 2*v - 11. Give w(-5).
5
Let h(k) = 2*k**3. Let z be h(1). Let f(j) = -3 - 1 + z*j + 0 - j. Let m = 0 + 0. Determine f(m).
-4
Let h(y) = 2*y**3 - 3*y**2 + y - 2. Suppose -5*u + 3*u = -4. Let x be h(u). Let z(o) = -o**2 + 3*o - 1. Determine z(x).
-5
Let j(a) be the second derivative of -5*a**3/6 - a**2/2 + 8*a. Suppose 3*b - 3*n = -6, b + b + 4 = 4*n. Determine j(b).
9
Let a be (-1 - (-2)/4)*-34. Suppose 0 = -0*l - 4*l + x + a, 4*l + x - 15 = 0. Let w(c) = 2*c + 2*c + 2 - 5*c. Determine w(l).
-2
Let z be 8/2 - (2 + -1). Let w(r) = -2*r + 1. Give w(z).
-5
Let m(p) = 10*p**3 + p**2 - p - 1. Let l(q) = q**2 - 10*q + 12. Let c be l(8). Let a be (2/6)/(c/12). Calculate m(a).
-9
Let p(i) = -i**2 - 5*i - 5. Let d be (-315)/12 - (-4)/16. Let v = -30 - d. Give p(v).
-1
Let m(g) = -g**3 - 4*g**2 + g + 3. Let w(n) = 5*n**3 - 2*n - 1. Let s be w(-1). Calculate m(s).
-1
Let j be ((-6)/5)/((-6)/(-20)). Let o(x) be the first derivative of x**2 + 2*x + 1. Give o(j).
-6
Let l(b) = 3*b**2 + 23*b - 20. Let x(a) = a**2 + 8*a - 7. Let u(y) = -6*l(y) + 17*x(y). Let j be 2/(-1 - 1)*3. Let k be 1*j + 1/1. Determine u(k).
1
Suppose 2*y - 2*k = -4, 0 + 4 = 4*y - k. Let w(p) = -4*p**3 + 3*p**2 - 1. Give w(y).
-21
Let w(p) = -p**3 - 5*p + 4. Let d(b) = b**2 - 1. Suppose 4*h = -g + 2, -5*h - 5*g - 8 = -3. Let q(x) = h*w(x) + 5*d(x). Calculate q(4).
-5
Let a(y) be the second derivative of y**3/6 - 11*y**2/2 - 4*y. Let h(v) = v - 10. Let l(q) = -3*a(q) + 4*h(q). What is l(6)?
-1
Let m(i) be the second derivative of -i**4/4 + 4*i**3/3 + 4*i. Let f(j) = 7*j**2 - 17*j - 1. Let r(p) = 2*f(p) + 5*m(p). Calculate r(5).
3
Suppose 2*s = 5*j - 18, -6 = 4*j + 3*s - 2. Let v be (2/1)/((-2)/(-4)). Let u(g) = -v*g**2 + 3 + 3*g**2 + 2*g**j. What is u(0)?
3
Let w(f) = -f**2 - 2*f + 2. Let r = -35 - -32. Determine w(r).
-1
Suppose 0 = -f + 2*y - 5 - 1, 20 = 5*y. Let o(z) = -5*z + 1. Give o(f).
-9
Suppose -30 = 109*g - 114*g. Let p(i) = i**2 - 5*i. Determine p(g).
6
Suppose 4*y + 36 = 4*p, 6*y + 4*p = y. Let d be 2/(-4)*y/(-2). Let l(t) be the first derivative of -5*t**2 + t + 163. Calculate l(d).
11
Let p(k) = 6*k**2 + 2*k + 1. Suppose -5*u = -3*g + 46, -u = 5*g - 4 + 2. Let j be 2/6 - u/(-6). Calculate p(j).
5
Let c(x) = 0 - 7 - x + 4 - 4. Let l be c(-10). Suppose 1 + 2 = l*s. Let y(h) = -3*h - 1. What is y(s)?
-4
Let z be (-6)/2*5/(5/(-1)). Let a(r) = -r**3 + 2*r**2 + r + 3. Give a(z).
-3
Let t(p) = 2*p - 3. Let y(x) = x - 4. Let c(w) = -3*t(w) + 2*y(w). Determine c(5).
-19
Let h be 15/(-6)*(-8)/10. Let t(b) = -3*b**2 - b**2 + 5*b**2 - h*b**2 - 4*b. Give t(-5).
-5
Let a(p) = -p**2 + 3*p + 3. Suppose 9*s - 66 = -2*s. What is a(s)?
-15
Let y(v) = v**3 + 4*v**2 - 2*v - 1. Suppose -2*i - 32 = 2*i. Let s be i/44 + 42/(-11). Give y(s).
7
Let l(v) = 5*v**3 - 21*v**2 + 3*v + 4. Let b(w) = -w**3 + 5*w**2 - w - 1. Let c(y) = -9*b(y) - 2*l(y). Let s = 8 - 11. Calculate c(s).
-8
Let u(z) = 3*z - 8 + z**2 - 9 + 15. Suppose -17 = 5*x + 3. Let v be 2*(x + 2 - 0). Give u(v).
2
Let q be (-6)/9*-1 - (-4)/3. Let n(i) = 4*i**2 + 3*i - 1. Calculate n(q).
21
Let u(p) = -3*p**3 - 4*p + 3*p**3 + p**3 - 2*p**3 - 2 - 3*p**2. Let n be u(-2). Let m(x) = 4*x. Determine m(n).
8
Let a(n) = n**2 - n - 4. Let w(d) = -2*d**2 + d + 9. Let k(b) = 13*a(b) + 6*w(b). Let v(z) = 3*z**2 - 21*z + 6. Let c(m) = -17*k(m) + 6*v(m). Determine c(6).
-4
Suppose 0 = 5*w - 3*i + 26, -w = 5*i - 0*i - 6. Let q(p) = p - 8. Let h be q(7). Let z = h - w. Let o(f) = 2*f - 3. Determine o(z).
3
Let h be (0 + -7)/(9 + -8). Let c(k) = k**2 + 6*k + 4. Calculate c(h).
11
Suppose 3*p - c - 9 = 4*c, 2*c = 0. Suppose -3*i + 0*i = -p. Let x(b) = -4*b**3 - 2*b**2 + 1. Determine x(i).
-5
Let j = -2 + 2. Let n(b) = 9*b - 6 - 2 - 1. Let i(g) = -4*g + 4. Let s(f) = 7*i(f) + 3*n(f). What is s(j)?
1
Let j(i) = 0*i**2 + 4 - 1 + 5 + 6*i + i**2. What is j(-6)?
8
Suppose 0*r + 2*f - 8 = -2*r, 0 = -5*r - 3*f + 14. Let d = -2 - r. Let n(t) = -t - 4. Determine n(d).
-1
Let a be (-2)/9 + 120/54. Let k(o) = -10*o + 2. Let v(d) = -2*d. Let h(i) = k(i) - 6*v(i). What is h(a)?
6
Let w(z) = z**3 - 7. Let s(c) = c + 4. Let n be s(-3). Let y be 2 + -3 + (2 - n). Determine w(y).
-7
Let y = -6 - -6. Let u(b) = y - 5 + 4 - 5*b**2 + b**3. Give u(5).
-1
Let n(y) = -3*y + 3. Let r(h) = 3*h**2 + 2*h - 4. Let k be r(-2). Determine n(k).
-9
Let g(a) = -a**2 - 6*a + 1. Let t = -119 + 112. Calculate g(t).
-6
Let c(m) = -3 + 0 + 4 - m. Suppose -q - 16 = -9*q. Determine c(q).
-1
Let s(g) = 5*g + 23*g**2 + 8 - 22*g**2 - 3 + 2*g. Give s(-5).
-5
Let d = 10 - 6. Suppose n + d*n = 0. Suppose 4*u + 1 + 3 = n. Let h(i) = -2*i**3 + 2*i**2 + i. Calculate h(u).
3
Let v(z) = -z + 5. Suppose 30 = 2*q - 5*p, -2*q - p = -3 - 3. Give v(q).
0
Let t be (2 + -2 + 3)/3. Suppose 0 = -2*o - t + 5. Let f(i) = -i - i**3 + 2*i**2 - 5*i**o + 4*i**2. What is f(2)?
-6
Suppose 0 = -l - 5, -r + 3*l + 16 = -0*l. Suppose -b = -0*b + r. Let p(o) be the second derivative of -3*o**5/20 + o**4/12 - o. What is p(b)?
4
Let n(j) be the third derivative of j**6/120 + j**5/15 - 7*j**4/24 - j**3/2 - 53*j**2. Let i(k) = -k**2 - 4*k. Let m be i(-5). Determine n(m).
7
Let c(a) = a + 4. Suppose -3*p = -5*y - 10, -3 = 2*y - 0*p - p. Let z be 6*y + (-2)/1. What is c(z)?
8
Suppose 0*s = 3*s - 30. Let c be (-4)/10 - (-54)/s. Let z(p) = 2*p - 7. Determine z(c).
3
Let o(c) = c**2 + 8*c + 7. Suppose 5*z = -5*x - 40 - 10, z + 11 = -2*x. Let d be -15*-1*3/z. Give o(d).
-8
Suppose 5*f = -14 - 11. Let o(g) = 587 - 2*g**2 - 586 + 3*g**2 + 6*g. What is o(f)?
-4
Let w be ((-4)/6)/(1/(-6)). Let n(y) = -23*y - 17. Let o(g) = -10*g - 8. Let b(m) = -3*n(m) + 7*o(m). Calculate b(w).
-9
Let a(x) be the second derivative of x**5/20 - x**4/3 + x**3/3 + 2*x**2 - 11*x. What is a(3)?
1
Let r(w) be the first derivative of w**4/4 + w**3/3 + w**2 + w - 20. What is r(-2)?
-7
Let y(d) = -d**2 - 2. Let o(p) = p**3 - 10*p**2 + 8*p + 5. Let m be o(9). Determine y(m).
-18
Let x be (4/6)/(8/96). Let h be 9/36 + 6/x. Let a(j) = j + 5. Let d(o) = o + 1. Let w(z) = a(z) - 4*d(z). Give w(h).
-2
Let b(n) be the first derivative of -n**3/3 + 2*n**2 + 5*n - 7. Give b(5).
0
Let l(h) = 3*h - 4*h + h + h - 2. Give l(-5).
-7
Let b(s) = -4*s - 6. Let m be (0/1)/(-2) + 1. Let n be -4 + (m - (-3 - -4)). Give b(n).
10
Let u(y) be the first derivative of y**2 + 3*y + 5. Determine u(-4).
-5
Let i(n) = 0*n**3 + 2*n**2 + n**3 - 6*n**3 - 1. Give i(-1).
6
Let i(k) be the first derivative of k**3/3 + 7*k**2/2 + 5*k - 11. Give i(-4).
-7
Let z(p) be the first derivative of -1/12*p**4 - 1 + 0*p**3 + 0*p**2 + 2*p. Let q(d) be the first derivative of z(d). Give q(2).
-4
Let c(u) = u**2 + u - 2. Let l be c(-3). Let f = 1 - l. Let x(k) = k**3 + 4*k**2 + 2*k + 3. Give x(f).
6
Let n(z) = -z**3 + 2*z**2 + 7*z - 5 + 0*z**3 + 2*z**2. Let y(m) = -3*m**2 + 5*m + 0*m**2 - 10 + 2*m**2 + 15. Let w be y(5). Calculate n(w).
5
Suppose 5*p = 3 + 7. Let s(d) = -2*d**2 - 6*d + 4. Let b(h) = h**2 + h - 1. Let v(t) = 3*b(t) + s(t). Give v(p).
-1
Suppose -5*h - 5*a + 35 = 0, -2*a = -5*a + 15. Let m(z) = 2*z**2. Calculate m(h).
8
Let c be 2/9 + 125/45. Suppose 3*b - u = 5, -3*b - 3 = -0*b - c*u. Let d(w) = w + 4. Give d(b).
7
Let p = 3 + 5. Suppose y - 5*y = -p. Let m(c) be the second derivative of -c**3/2 + c**2 - 16*c. Determine m(y).
-4
Let s(l) = -8*l + 6 + 5*l**3 - 4*l**3 - 8*l**2 - 17. Give s(9).
-2
Let s(m) = 2*m - 5. Let c(z) = -z + 2. Let p(v) = 5*c(v) + 2*s(v). Suppose 0 = -0*t - 2*t + 4. What is p(t)?
-2
Let j(l) = l - 5. Suppose 5*t - 72 = 2*t. Let v be 30/(-12)*t/(-10). Give j(v).
1
Let q(n) = n + 3. Suppose 6 = -2*p - 0. Give q(p).
0
Let y(x) = 201 + 0*x - x**2 - 205 + 2*x. Calculate y(3).
-7
Suppose 0 = 3*s - 0 - 3. Let t(l) be the first derivative of 1/4*l**4 - 1 - l + l**2 - 1/3*l**3. What is t(s)?
1
Let m(